{"id":482,"date":"2016-06-22T18:07:33","date_gmt":"2016-06-22T15:07:33","guid":{"rendered":"https:\/\/demo.forumschaessburg.eu\/?page_id=21"},"modified":"2016-06-22T18:07:33","modified_gmt":"2016-06-22T15:07:33","slug":"saelwerfaeddem","status":"publish","type":"page","link":"https:\/\/forumschaessburg.eu\/index.php\/saelwerfaeddem\/","title":{"rendered":"S\u00e4lwerf\u00e4ddem"},"content":{"rendered":"<p><a href=\"https:\/\/forumschaessburg.eu\/wp-content\/uploads\/2016\/06\/Saelwerfaeddem-023.jpg\"><img loading=\"lazy\" decoding=\"async\" class=\"alignleft wp-image-22 size-medium\" src=\"https:\/\/forumschaessburg.eu\/wp-content\/uploads\/2016\/06\/Saelwerfaeddem-023-300x225.jpg\" alt=\"Saelwerfaeddem\" width=\"300\" height=\"225\" \/><\/a>Die S\u00e4lwerf\u00e4ddem (s\u00e4chsisch f\u00fcr Silberf\u00e4den) sind die s\u00e4chsische Frauensinggruppe in Sch\u00e4\u00dfburg, die sich seit 2002 alle 14 Tage zusammenfindet, um alte s\u00e4chsische Volksweisen zu singen mit dem Ziel, diese durch ihr Singen lebendig zu erhalten, so lange das m\u00f6glich sein wird. <em>\u201eWir singen in erster Reihe f\u00fcr uns, um uns selber daran zu erfreuen, aber auch zu verschiedenen Anl\u00e4ssen, z.B. bei Feiern oder anderen Veranstaltungen.\u201c<\/em><\/p>\n<p>Die Singnachmittage finden im Deutschen Forum statt und werden seit 2007 von Crista Rusu geleitet. Vor ihr war es Karin Martini, die lange Jahre die S\u00e4lwerf\u00e4ddem dirigierte.<br \/>\nGerne treffen die 12 Damen mit den silbernen F\u00e4den im Haar auch mit gleichgesinnten wie der gleichnamigen Singgruppe aus Hermannstadt oder dem M\u00e4nneroktett aus Mediasch zusammen, um in gr\u00f6\u00dferer Runde zu singen. So geschehen gleich zweimal im letzten Jahr: auf die Einladung nach Hermannstadt folgte der Gegenbesuch in Sch\u00e4\u00dfburg.<\/p>\n<p>Zur Tradition geworden ist der Beitrag der S\u00e4lwerf\u00e4ddem zu den Deutschen Kulturtagen in Sch\u00e4\u00dfburg, f\u00fcr die sie in jedem Jahr ein herziges und erfrischendes Programm zusammenstellen und dieses dem Publikum nicht nur vortragen, sondern es auch dazu einladen mitzusingen. Daf\u00fcr sind wir dankbar!<\/p>\n","protected":false},"excerpt":{"rendered":"<p>Die S\u00e4lwerf\u00e4ddem (s\u00e4chsisch f\u00fcr Silberf\u00e4den) sind die s\u00e4chsische Frauensinggruppe in Sch\u00e4\u00dfburg, die sich seit 2002 alle 14 Tage zusammenfindet, um alte s\u00e4chsische Volksweisen zu singen mit dem Ziel, diese durch ihr Singen lebendig zu erhalten, so lange das m\u00f6glich sein wird. \u201eWir singen in erster Reihe f\u00fcr uns, um uns selber daran zu erfreuen, aber auch zu verschiedenen Anl\u00e4ssen, z.B&#8230;. <a href=\"https:\/\/forumschaessburg.eu\/index.php\/saelwerfaeddem\/\">Read more &raquo;<\/a><\/p>\n","protected":false},"author":1,"featured_media":0,"parent":0,"menu_order":0,"comment_status":"closed","ping_status":"closed","template":"","meta":{"footnotes":""},"class_list":["post-482","page","type-page","status-publish","hentry"],"_links":{"self":[{"href":"https:\/\/forumschaessburg.eu\/index.php\/wp-json\/wp\/v2\/pages\/482","targetHints":{"allow":["GET"]}}],"collection":[{"href":"https:\/\/forumschaessburg.eu\/index.php\/wp-json\/wp\/v2\/pages"}],"about":[{"href":"https:\/\/forumschaessburg.eu\/index.php\/wp-json\/wp\/v2\/types\/page"}],"author":[{"embeddable":true,"href":"https:\/\/forumschaessburg.eu\/index.php\/wp-json\/wp\/v2\/users\/1"}],"replies":[{"embeddable":true,"href":"https:\/\/forumschaessburg.eu\/index.php\/wp-json\/wp\/v2\/comments?post=482"}],"version-history":[{"count":0,"href":"https:\/\/forumschaessburg.eu\/index.php\/wp-json\/wp\/v2\/pages\/482\/revisions"}],"wp:attachment":[{"href":"https:\/\/forumschaessburg.eu\/index.php\/wp-json\/wp\/v2\/media?parent=482"}],"curies":[{"name":"wp","href":"https:\/\/api.w.org\/{rel}","templated":true}]}}